 be 4/2 + 3 + 32. Suppose -2*g - 11 = -z, -3*z + u = -0*z - 2*g. What is the remainder when 23 is divided by z?
10
Let j(k) = -7*k - 8. Suppose 0 = -s + a + 10, 0*a = a + 3. Let q be j(s). Calculate the remainder when 1/5 + q/(-15) is divided by 2.
0
Let h be (-1)/(-4) + 126/(-24). Let i = h - -5. Suppose i = 3*w - 4*v - 28, -5*v - 32 = 2*w - 5*w. What is the remainder when 6 is divided by w?
2
Suppose 2*g = -3*g + 40. Let j(l) = l**3 - 8*l**2 + l + 7. Suppose 2 = -4*s + 34. Calculate the remainder when j(s) is divided by g.
7
Suppose 4*n = 3*n + 14. Suppose 3*s + 153 = -4*d + 35, 5*d = -3*s - 119. Let f = -12 - s. What is the remainder when f is divided by n?
12
Let f(q) = 2*q**2 - 3*q - 3. Let s = -5 - -10. Calculate the remainder when f(s) is divided by 11.
10
Suppose 3*y + 0*y - 12 = 0. Suppose -5*m + 2*z = -99, 5*m + 2*z - 103 = 6*z. What is the remainder when m is divided by (-2)/y - (-63)/6?
9
Let q(t) = t**3 + 13*t**2 - 14*t - 31. What is the remainder when q(-13) is divided by 38?
37
Suppose 8*y - 4*y = 116. Let l(b) = 5*b - 5. Calculate the remainder when y is divided by l(4).
14
Let g(i) = -i**2 - 9*i + 10. Let l be g(-10). Suppose -2*m + 6*m - 268 = l. Calculate the remainder when m is divided by 17.
16
Let p(b) = b**3 - 5*b**2 - 8*b + 5. Let l be p(6). Let f be 0/1 - (l - -4). Suppose 0 = f*k - 0*k - 9. Calculate the remainder when 8 is divided by k.
2
Suppose -3*d = -0*d - 24. Suppose -a = -4*i - 26, 9 = -4*i - 2*a - 11. Let l(x) = x**3 + 7*x**2 + 5*x + 8. What is the remainder when l(i) is divided by d?
6
Suppose 7*k - 2*k - x = 10, -2*x + 2 = k. Let z = 15 - k. What is the remainder when 37 is divided by z?
11
Suppose 2*g - 12 = 18. Let n = g + -1. Calculate the remainder when n is divided by 5.
4
Calculate the remainder when 6/33 - 480/(-22) is divided by 12.
10
Let r be (1/(-2))/(3/(-30)). Suppose -5*w = 5, r*g = -10*w + 5*w + 305. Calculate the remainder when g is divided by 21.
20
Let w = 9 - 5. Suppose -4*l - 24 = w*r, 0 = -5*l + 6*r - 2*r - 30. Let y = 1 - l. Calculate the remainder when y is divided by 4.
3
Suppose -4 = z - 7. Calculate the remainder when 1/(-4) + (-39)/(-12) is divided by z.
0
Suppose 3*p + 0*p = -21. Let z = p - -15. Calculate the remainder when 29 is divided by z.
5
Suppose 0 = 4*a - 4, 2*a + 2*a - 133 = -3*u. Calculate the remainder when u is divided by 12.
7
Suppose 15*h = 16*h + 186. Calculate the remainder when (-6)/9*h/4 is divided by 8.
7
Let l = 9 - 13. Let m = l + 7. Suppose m*h - 39 = -0*h. What is the remainder when 37 is divided by h?
11
Calculate the remainder when 2/8 + 141/12 is divided by 8.
4
Let r(y) = 2*y - 9. Let i be r(6). Suppose 108 = i*p + 36. Calculate the remainder when p is divided by 13.
11
Suppose -f = -0*f. Suppose f*h - 16 = -3*b + 5*h, -b = 3*h + 4. Calculate the remainder when b is divided by (-2 + -1)/(6/(-4)).
0
Suppose -6*g = -g - 75. Let m(l) = 2*l - 1. Let o be m(6). Let n = 54 - o. What is the remainder when n is divided by g?
13
Let l(u) = -u**2 + 9*u + 24. Calculate the remainder when l(10) is divided by 4.
2
Suppose 0 = 4*s - 3*s - 6. Calculate the remainder when 19 is divided by s.
1
Let o be 2/(-6) - 35/3. Let z = 22 + o. What is the remainder when 28 is divided by z?
8
Let a(b) = b**3 + b + 17. Let y(r) be the third derivative of -r**5/60 - r**4/4 - 2*r**2. Let u be y(-6). What is the remainder when 32 is divided by a(u)?
15
Suppose 3*u - 5*p - 37 = 0, 2*u + p = 5*p + 24. What is the remainder when u is divided by 5?
4
Suppose -5*h - 4 - 19 = -i, 0 = -5*i + 2*h + 115. What is the remainder when i is divided by 12?
11
Suppose -21 = -6*m + 45. Calculate the remainder when m is divided by 4.
3
Suppose 4*x - 12 = 0, 7*x = 5*n + 3*x - 83. Suppose -3*m + 3 = -2*m. Suppose m*s - 20 = s. Calculate the remainder when n is divided by s.
9
Let p = -7 + 16. Let g be 3/((-12)/8) + 5. Calculate the remainder when -2 + 3*8 + g is divided by p.
7
What is the remainder when (0 - (-726)/12)/((-1)/(-2)) is divided by 31?
28
Suppose i + 3*d = -2*d + 26, -4*d + 88 = 5*i. Let f = i + -10. Calculate the remainder when 10 is divided by f.
4
Suppose -8 = -i - i. Suppose x = i*x. Let c = x + 1. Calculate the remainder when 2 is divided by c.
0
Let h(z) = z + 30. Let p = -40 - -98. Calculate the remainder when p is divided by h(0).
28
Suppose -5*y - 8*n = -5*n - 73, -3*n = 3*y - 45. Calculate the remainder when 39 is divided by y.
11
Suppose 0 = 2*o + 3*h - 6, 3 = o - h - 0*h. Let t = 0 - 0. Calculate the remainder when (-22)/6*(t + -3) is divided by o.
2
Suppose 5*d + 3*u = 9 + 1, -d + 2 = -2*u. Calculate the remainder when 2 is divided by d.
0
Calculate the remainder when 3/(-9)*1*-51 is divided by 10.
7
Let f = 18 - 1. Suppose 5*p - 9 + 1 = -v, 0 = 5*v + 2*p - f. What is the remainder when 3 is divided by v?
0
What is the remainder when (-1 - -11)/(16/104) is divided by 17?
14
Let l = 59 - 89. Let r = 49 + l. Suppose -80 = -3*x + 28. What is the remainder when x is divided by r?
17
Suppose -5*n + 67 - 2 = 5*p, 2*n - 30 = 2*p. Suppose 3*v - 10 = -1. Suppose -v*h - l + 44 = 2*h, 5*l = 3*h - 4. Calculate the remainder when n is divided by h.
6
Let t = 0 + 3. Let r = -96 - -97. Calculate the remainder when t is divided by r.
0
Let j be -4 - -1 - -2 - -26. Let h = 41 - j. Calculate the remainder when 31 is divided by h.
15
Let m(a) = 6*a**2 + 2 + a**2 + 3*a + a**3 + 2. What is the remainder when m(-6) is divided by ((-6)/(-3))/(1/6)?
10
Let k(q) = q**3 + 10. Suppose 3*t + t + 16 = 0. Let r = t - -22. What is the remainder when r is divided by k(0)?
8
Let z = 45 + -39. Calculate the remainder when z is divided by 4.
2
Suppose f = -5, f + 66 + 99 = 5*z. What is the remainder when z is divided by 11?
10
Suppose 5*d - 2*d - 6 = 0. Suppose 3*g + 91 = c, 176 = d*c - g - 3*g. Calculate the remainder when c is divided by 21.
19
Let o(j) = j**2 - 1. Calculate the remainder when o(-6) is divided by ((-108)/(-42))/(6/28).
11
Suppose 57 = 3*h + 5*i, h + i - 17 = -0*i. Let c = h - -23. Calculate the remainder when c is divided by (-78)/(-8) + (33/(-12) - -3).
7
What is the remainder when 771/12 - (-2)/(-8) is divided by 11?
9
Let b = 91 - 45. Calculate the remainder when b is divided by 12.
10
Suppose -18 = -5*w - 4*r + 59, 0 = -w - r + 16. Let q = w - 6. What is the remainder when 32 is divided by q?
4
Let u = -8 - -32. Suppose -u = -4*k + 64. What is the remainder when k is divided by 8?
6
Let m = -12 + 15. Suppose -9 = -3*t, -m*p - 5*t = -0*t - 84. Calculate the remainder when 43 is divided by p.
20
Let r(a) = -a**3 - 3*a**2 + 2. Let o be r(-2). Calculate the remainder when 3 is divided by (-3)/5*(-3 + o).
0
Let m(c) = -3*c - 4. Let b be m(-6). Suppose 0 = -4*z + 3*z - b. Let o = z + 31. What is the remainder when o is divided by 6?
5
Suppose u - 24 = 4. What is the remainder when 53 is divided by u?
25
Suppose -7*g + 11*g - 32 = 0. Calculate the remainder when 31 is divided by g.
7
Let i = -59 + 70. What is the remainder when 31 is divided by i?
9
What is the remainder when 10 is divided by 3 + 4/((-12)/(-9))?
4
Let s(x) = -x**2 + 7*x + 4. Let n = 179 - 162. Calculate the remainder when n is divided by s(6).
7
Let l = 0 + 1. Let u be 5 - (4 - (l - -1)). Suppose -5*r - 3*k + 107 = 0, -2*r - 4*k - 3 = -u*r. What is the remainder when r is divided by 7?
5
What is the remainder when 54 is divided by 10/(-6)*-9 - 1?
12
Let c = -98 - -134. Calculate the remainder when 140 is divided by c.
32
Suppose -5*t = -4*t - 6. Calculate the remainder when 9 is divided by 2/(t/15) + 0.
4
Suppose -6*i = -2*i - 176. Calculate the remainder when i is divided by 23.
21
Let q be ((-4)/2)/((-2)/3). Suppose 3*p + q*k - 66 = 0, -p + 2*k = p - 40. Calculate the remainder when p is divided by 11.
10
Let p(b) = -2*b**2 - 3*b + 2. Let v(w) = -5*w**2 - 8*w + 6. Let l(j) = -8*p(j) + 3*v(j). Calculate the remainder when (2 + 8)*1/2 is divided by l(0).
1
Let v(r) = r + 19. Calculate the remainder when 84 is divided by v(5).
12
Suppose 0 = g - 3*p - 11, 0 = -3*g - p + 7 + 36. Let a(q) = -12*q + 4. What is the remainder when a(-3) is divided by g?
12
Suppose -3*p - 2*h - 19 = -4*p, -3*p = 3*h - 30. What is the remainder when 20 is divided by p/39 - (-20)/3?
6
Let v(o) be the third derivative of -3*o**4/8 - 2*o**3/3 - 6*o**2. 